en h is divided by m(o).
24
Let b(u) = 23*u**3 + u. Let m be b(1). Suppose x = 5*x - m. Suppose -2*c + 16 = 2*c. Calculate the remainder when x is divided by c.
2
Let t(y) = 2*y**3 + 1. Let u be t(1). Suppose -u*d - 28 = -4*d. Let s(f) = 3*f**2 - f. Calculate the remainder when d is divided by s(2).
8
Let o be (-1 + 6)*(-2 - -3). Suppose -4*y + 2*a + 6 = 0, o*y - a - 5 = 2*y. What is the remainder when 11 is divided by -1 + y/(-3)*-6?
2
Let n(v) = -3*v + 1. Let x = -5 - -3. Let q = -21 - -34. What is the remainder when q is divided by n(x)?
6
Suppose -c + 0*y - 3*y = -29, 0 = c - 4*y - 1. Calculate the remainder when c is divided by (-3 - 0)*-1 + 7.
7
Let i = 6 - 3. Let d = 13 - i. What is the remainder when 28 is divided by d?
8
Suppose -c + 5 + 92 = u, -5*u + 471 = -2*c. Calculate the remainder when u is divided by 48.
47
Suppose 5*r = 20, 2*r - 16 = -4*h + 3*r. Suppose -4*d + h = -59. What is the remainder when d is divided by 1 + -5 - (-8 - 2)?
4
Let p(w) = w**2 - w - 4. What is the remainder when 29 is divided by p(-3)?
5
Let n = -80 - -113. Let j(a) = 1. Let w(f) = f**3 - 5*f**2 - 2*f - 1. Let v(u) = -6*j(u) + w(u). Calculate the remainder when n is divided by v(6).
16
Suppose 0 = 4*c - 18 - 78. What is the remainder when 95 is divided by c?
23
Suppose -3*q + 92 = 4*v, 0 = q + 6*v - v - 49. Let s(m) = -12*m**3 + 2*m**2 - 1. What is the remainder when q is divided by s(-1)?
11
Suppose -4*a = -j - 21, -6*j - 24 = -2*j - 4*a. Let h = 14 - j. Let w = 97 + -54. What is the remainder when w is divided by h?
13
Suppose 0 = -l + 2*k + 57, 2*k - 126 = 3*l - 5*l. Let v = l - 41. What is the remainder when 38 is divided by v?
18
What is the remainder when 27 is divided by ((-32)/64)/(1/(-20))?
7
Suppose 0 = d + 3 - 27. What is the remainder when 69 is divided by d?
21
Suppose -3*j - 3 = -0. Let p be j - 3/(3/(-2)). Let w(y) = 6*y**2 - y. What is the remainder when 8 is divided by w(p)?
3
Suppose 2 - 6 = -c. Suppose -17 - 23 = -c*q - 2*a, -3*q + 40 = -a. Let s = 70 + -35. What is the remainder when s is divided by q?
11
Suppose 4*h + 2*g + 3*g - 372 = 0, 4*g = -h + 93. Calculate the remainder when h is divided by 12.
9
Let t be 7/14 + 5/2. What is the remainder when 13 - (-1 + t - 0) is divided by 6?
5
Suppose y - 3*w = 66, -2*y = 2*w + w - 96. Suppose 5*h - 145 = 5*c, 2*h + 0*h = 3*c + y. Let r(t) = -8*t + 1. What is the remainder when h is divided by r(-1)?
6
Let p = -33 + 21. Let h be 120/(-9)*(-3)/2. Let j = h + p. Calculate the remainder when 15 is divided by j.
7
Let u = 5 - 0. Suppose -2*y + 64 = 3*z, -3*y = -2*z + 2*y + 11. Calculate the remainder when z is divided by u.
3
Let a(j) = 7*j + 1. Let p(w) = w**3 - 3*w**2 + 4*w. Calculate the remainder when a(3) is divided by p(3).
10
Suppose 0 = -2*v - 0*v - 36. Let a be (2/(-6))/(3/v). What is the remainder when 22 is divided by (16/a - 0)*1?
6
Let j = 117 + -75. What is the remainder when j is divided by 22?
20
Suppose 0 = 5*y - 7*y + 54. Calculate the remainder when y is divided by 14.
13
Let c = -63 + 82. What is the remainder when 55 is divided by c?
17
Suppose 2*t + 0 = -2, 37 = 2*s + 3*t. Calculate the remainder when 53 is divided by s.
13
Suppose 32 = -3*x + 5*x. What is the remainder when 63 is divided by x?
15
Suppose -16 = -3*z + 17. Suppose -8 = -0*u - 2*u. Suppose u*k - 25 - 143 = 0. What is the remainder when k is divided by z?
9
Let m(f) = -f**3 + 6*f**2 - 5*f - 5. Calculate the remainder when m(4) is divided by 2.
1
Let u(b) = b**3 + 4*b**2 + b + 4. Suppose 5*z + 8 = -12. Let c be u(z). Calculate the remainder when (57 + -2)*(1 - c) is divided by 19.
17
Suppose 3*z - 154 + 10 = 0. Suppose 0*q = -4*q + z. Let u(a) = -4*a**3 - 2*a**2 + a + 1. What is the remainder when u(-2) is divided by q?
11
Suppose a = 3*a - 20. Suppose 3 + 1 = r - 2*w, -5*w = 3*r + a. Suppose r = -p - 4 + 5. What is the remainder when 1 is divided by p?
0
Let k = 30 + -21. What is the remainder when 32 is divided by k?
5
Let n be (-3 - -5)/((-6)/(-3)). Suppose t = n + 11. Suppose 2*k = 5*l + 45, 0*l + 50 = 2*k - 4*l. Calculate the remainder when k is divided by t.
11
Suppose -m + 5 = 3. Suppose 0 = -x - m*x + 72. Calculate the remainder when x is divided by 9.
6
Calculate the remainder when (-8 + 5)/(1*3/(-37)) is divided by 39/2 + (-2)/4.
18
Let w = 7 - 28. Let i = -12 - w. What is the remainder when 17 is divided by i?
8
Let j(g) = g**3 + 7*g**2 + 3*g - 6. Let r be 38/9 + 18/(-81). Suppose r*t + t = 110. Calculate the remainder when t is divided by j(-6).
10
Suppose -3*x + 57 = 4*c, -4*x + 2*c + 38 = -2*x. What is the remainder when 92 is divided by x?
16
Let w = -2 - -2. Suppose h - 6*h + 20 = w. Suppose -25 = -h*s - 3*f, 5*s - 3*f = f + 70. What is the remainder when 19 is divided by s?
9
Suppose 4*b + 0*y = y + 164, -4*b + 184 = 4*y. Let l = 0 + b. Calculate the remainder when l is divided by 15.
12
Suppose 4*b + 13 = -3*h + 56, -4*b = -5*h - 3. Let c = 1 + b. Let w = 9 + 5. What is the remainder when w is divided by c?
6
Calculate the remainder when 2*(18/(-12) + (-210)/(-4)) is divided by 35.
32
Suppose -r = r - 4. Calculate the remainder when 3 is divided by r.
1
Let m(x) = x**3 - 7*x**2 + 4*x - 14. Let p(l) = -l**2 + 1. Let q be p(0). What is the remainder when (-54)/(((-2)/q)/2) is divided by m(7)?
12
Let s(x) = x**2 + 9*x + 11. Suppose -t + 6*t - u = -49, -4*t - 42 = 2*u. What is the remainder when s(t) is divided by 8?
5
Suppose -2*s - 3*t = -12, 5*t = 8 + 2. Suppose -5*w + 2*l = 29 + 12, -5*l + 1 = 2*w. Let p = w - -15. Calculate the remainder when p is divided by s.
2
Suppose 51 = 2*f - 11. What is the remainder when f is divided by 7?
3
Let n(u) = -u**2 + 2*u + 2. Let z be n(2). Suppose -3*o = z*o - 200. What is the remainder when o is divided by 21?
19
Let s(b) = 7*b - 1. Let q be s(4). Let w = q - 6. Calculate the remainder when w is divided by 12.
9
Let h be 14/(-6)*-3 + 0. Let s = h - -1. Suppose 6 = 5*g - s*g, 4*m - 98 = 3*g. Calculate the remainder when m is divided by 12.
11
What is the remainder when 125 + 1 + -2 + 2 is divided by 32?
30
Suppose -3 = -b, -7*k + 4*k - 5*b + 18 = 0. Calculate the remainder when 6/3 - (k - 40) is divided by 14.
13
Let n = 34 + -21. Let b = n - -2. Calculate the remainder when b is divided by 9.
6
Let r be 6/(6*(-1)/(-4)). Suppose -r*g + 75 = g. Calculate the remainder when 21 is divided by 160/g + 2/6.
10
Let o(c) = c + 43. Suppose r = -0*g - 4*g, 0 = 2*g + 3*r. Let n = g + 0. Calculate the remainder when o(n) is divided by 15.
13
Let z(k) = 10*k**2 + 1. Let n(b) = -7*b - 1. Calculate the remainder when z(1) is divided by n(-1).
5
Let o(a) = 2*a - 6. Let i = 3 + 2. Suppose 0 = 2*h - i*c, c + c - 58 = -5*h. What is the remainder when 26 is divided by o(h)?
12
Let g be ((-10)/3)/(24/108). Let r = g - -29. Calculate the remainder when r is divided by 4.
2
Suppose -91 = 4*h + 37. Let z = 74 + h. Calculate the remainder when z is divided by (-2)/3*(-66)/4.
9
Suppose -2*h - h = -4*p - 15, -15 = -3*h - 5*p. Calculate the remainder when 18 is divided by h.
3
Suppose 0*i - 5*i + 2*g = -95, 3*g = 3*i - 66. Calculate the remainder when 50 is divided by i.
16
Let c be -34 - 6*1/(-2). Let z = 5 - c. What is the remainder when z is divided by 13?
10
Let d(u) = 2*u + 5. Suppose -4*x + 0*x + 8 = 0. Suppose 0*b - 4*h = -x*b - 8, -5*b - 5*h = -40. Calculate the remainder when d(b) is divided by 5.
3
Let b = 10 - 5. Suppose 4*j - 2*j + 3*g = 1, -b*g = 2*j + 1. Let q(z) = -z**2 + 4*z - 1. Calculate the remainder when q(3) is divided by j.
0
Let n be 4/(-4) - 5/(-1). Suppose 2*z + 4*c - 36 = 0, 4*c + 1 = n*z - 11. What is the remainder when 30 is divided by z?
6
Suppose 4*i - 20 = -4*g - 0*i, 2*i = g - 11. Suppose 4*c = p - 7, g = p - 3*c + 1. Let w = p + 2. What is the remainder when w is divided by 4?
1
Let m be (-6)/(-6) - 0/2. Let c(g) = -g**2 - 1. Let y(t) = -2*t**2 - 6*t + 5. Let i(a) = m*y(a) - 3*c(a). Calculate the remainder when 23 is divided by i(6).
7
Let x(n) = -3*n**2 - 16*n + 5. Let t(k) = 7*k**2 + 32*k - 11. Let w(z) = 2*t(z) + 5*x(z). Let l = -3 - -6. Calculate the remainder when w(-16) is divided by l.
0
Suppose -2*u = -3*u + 5*j + 35, 2*u + j = 70. Suppose -2*r = -52 + 14. Calculate the remainder when u is divided by r.
16
Let u(r) = 4*r**2 - 2*r + 1. Let